f c?
6
Let b(l) = -2*l + 5*l - 4*l - 49*l**3 + 110*l**3 + l**2 + 1. Suppose -3*c - 2 = -0*r - 5*r, 0 = -4*r + 4. What is the units digit of b(c)?
2
Let o(p) = p**3 + 88*p**2 - 116*p - 395. What is the thousands digit of o(-79)?
4
Suppose 50 = 31*w - 12. Suppose -14*d + w*n - 1034 = -18*d, -4*n = -3*d + 803. What is the tens digit of d?
6
Suppose -3*t + 2*t + 33 = 0. Let z be ((-1)/((-2)/8))/(76 + -74). Suppose 0 = -4*d + 3*g - 7*g + 80, -t = -z*d + 5*g. What is the units digit of d?
9
Let q(r) = 5*r**2 - 99*r - 100. Let u(l) = l**2 - 20*l - 20. Let s(t) = -2*q(t) + 11*u(t). Let k be s(23). What is the hundreds digit of (1 + 195)*(-2 + k)?
1
Suppose 3*d + 3*q - 519 = d, d = -3*q + 252. Let b = 802 - d. What is the hundreds digit of b?
5
Let v be 3/(2*(0 - (-4)/1544)). Suppose 0 = -17*d + v + 2362. Let m = -86 + d. What is the units digit of m?
7
Suppose 69061 + 352331 = -372*n + 396*n. What is the tens digit of n?
5
What is the ten thousands digit of ((-15)/135 + (-184262)/117)*342/(-21)?
2
Let d be 2*10*8721/34. Suppose 0 = -4*q - x + d, 12*q + 5122 = 16*q - 3*x. What is the thousands digit of q?
1
Suppose 265*b = 59*b + 2979378. What is the hundreds digit of b?
4
Let u(b) = b**2 + 6*b + 20. Let g be u(-6). Let s(n) = n**3 - 20*n**2 + 2*n + 48. What is the units digit of s(g)?
8
Let f = -313 + 318. What is the tens digit of (9/f*-3)/((-6)/20)?
1
Suppose 15134 = -30*w - 10456. Let p = w - -998. What is the tens digit of p?
4
Suppose -332 = -48*d + 52*d. Let g = -71 - d. Suppose -5*y + g = -y, -682 = -5*v - 4*y. What is the units digit of v?
4
Let s = 165 + -21. Suppose -s = -8*a + 4*a. Suppose 2*y - a = 86. What is the tens digit of y?
6
Let o be 5/(-5)*(3 + -3). Suppose 12 = 6*s - o*s. Suppose 4*f - s*f - 3*x = 22, f - 21 = -x. What is the tens digit of f?
1
Let w be 1/(-5) - (-63)/90*6. What is the tens digit of w - (-55)/(-15) - 3524/(-12)?
9
Suppose -4*p + 8 - 12 = 0, 4*g - p = -1367. What is the tens digit of (-4*(-68)/24)/((-3)/g)?
9
Let r(q) = -q**2 - 18*q - 72. Let v be r(-10). What is the hundreds digit of (-1530)/(-4)*v/5?
6
Suppose 4*y - 20 = l + 154, -4*y = 0. What is the thousands digit of ((-2)/5 + l/(-10))*107?
1
Let g = -3263 - -17558. What is the units digit of g?
5
Suppose -10*p + 7214 + 9286 = 0. Suppose -p = -5*k - k. What is the tens digit of k?
7
Let s = 255 + -36. Suppose -5*b = -s - 11. Suppose -3 - b = -m. What is the tens digit of m?
4
Let d = 8351 - 4417. What is the tens digit of d?
3
Let i = -2633 - -7353. What is the thousands digit of i?
4
Suppose 15*c = 20*c - 95. Let r(a) = -80 + 159 - 66 + c*a. What is the units digit of r(6)?
7
Let y(q) = 353*q**2 - 405*q - 1214. What is the tens digit of y(-3)?
7
Let j(x) = -2*x + 36. Let y be j(12). Suppose -4*h + 8 = -4*r, 5*h - 4*h - y = 3*r. What is the units digit of -1 - h - -62 - (-1 + 4)?
1
Let z = -67 - -89. What is the tens digit of (-12)/(-8) - (-6127)/z?
8
Let n = 9422 + 4106. What is the units digit of n?
8
Suppose i - 18101 = c, -i + 18104 = 82*c - 80*c. What is the units digit of i?
2
Suppose 3468 = -6*j + 12*j. Let w = -376 + j. What is the units digit of w?
2
Let u(i) = -i**2 - 18*i - 29. Let f be u(-16). Suppose -2*j + f*j + 48 = 0. Let t = 138 + j. What is the units digit of t?
0
Let i(d) = -6540*d - 7815. What is the ten thousands digit of i(-11)?
6
Suppose -15*h = -12*h + 39. Let n(p) = p**3 + 7*p**2 + 4*p. Let m be n(-4). Let l = m - h. What is the units digit of l?
5
Let o(a) = -a**3 + 4*a**2 + 5*a - 8. Let u be o(4). Suppose 5*i + 34 = 4*l, i + 41 + u = 5*l. What is the units digit of (-2898)/(-154) + 2/l?
9
Suppose -4*m - 3 = -63. Suppose -l = -m*l - 2086. Let v = -74 - l. What is the units digit of v?
5
Suppose 10 = 2*v + m, 2*v - 17*m + 12*m = -14. Suppose 2153 = v*l - 2038. What is the tens digit of l?
9
Suppose 0 = -4*h - 162*u + 159*u + 27635, -3*h + 2*u = -20756. What is the hundreds digit of h?
9
Suppose 3 = 5*i - 3*t, 3*i + i + 2*t + 2 = 0. Suppose 14*v - 5*v - 72 = i. What is the units digit of v?
8
Let c(a) = a**3 - 2*a**2 + 9*a - 28. Let t be c(3). Suppose 0 = -t*v - 871 + 4503. What is the units digit of v?
4
What is the hundreds digit of (-3 - -49)*(10 - (-145)/10)?
1
Suppose 203*w = 204*w - 5*t - 11439, 34357 = 3*w - 5*t. What is the tens digit of w?
5
Let u(d) be the first derivative of 2*d**3/3 - 9*d**2 - 2*d - 29. What is the hundreds digit of u(-4)?
1
Let h(t) = 11 + 8*t**2 - 6 - 14*t + 13*t - t**3. Suppose -2*n = 2*n + 5*u - 1, -4*n + 13 = u. What is the tens digit of h(n)?
6
Let o = 453 - 319. Let r = -60 + o. Suppose 2*x + 2*j = 3*j + 120, -4*j - r = -x. What is the tens digit of x?
5
Suppose 0 = 57*t - 51*t - 47256. Suppose -8*q = -t + 2460. What is the tens digit of q?
7
Let h(f) = 5*f**2 - 263*f - 69. What is the ten thousands digit of h(90)?
1
Let d = 65760 + -17647. What is the units digit of d?
3
Let a(b) = -56*b**3 + 3*b**2 - 2. Let t be a(1). Let o be 35/(-7)*111/(-3). Let s = t + o. What is the units digit of s?
0
Suppose 986 = 3*x - 79. Suppose x = 2*n - 2*r - 235, -1210 = -4*n - 2*r. What is the hundreds digit of n?
3
What is the ten thousands digit of -303*((-1724)/30 - 292/(-365))?
1
Suppose -9*c - 258 - 1002 = 0. What is the hundreds digit of (984/15)/((-14)/c)?
6
Suppose -3*o + 22541 = 55*l - 50*l, 4*l = -o + 7516. What is the thousands digit of o?
7
Let z(v) = 84*v**2 - 2*v - 6. Let k be z(4). Suppose 3*t + 2*t = k. Suppose 0 = 24*f - 26*f + t. What is the hundreds digit of f?
1
Suppose 2*s - 3*x + 1 = 0, -4*x = 5 - 1. Let g be (-10)/(s + (-24)/(-9)). What is the hundreds digit of (-62)/6*(-5 + g + -4)?
2
Let f = 3294 + -3259. What is the units digit of f?
5
Suppose 0 = -f + 4*g - 5*g + 914, -2*f + 3*g = -1843. Suppose -3*m = -f - 1825. What is the units digit of m?
4
What is the units digit of -186*((-11816)/12)/7?
4
Let x = -3915 + 9855. Suppose -2*d = -17*d + x. What is the units digit of d?
6
Suppose 108 = 28*g - 15*g + 498. Let x = -57 - -233. Let v = x + g. What is the hundreds digit of v?
1
Let a be (-2)/(11308/3024 + -4 + 18/72). Let g = -106 + 48. Let b = a + g. What is the units digit of b?
1
Let c(y) = y**3 - 14*y + y**2 - 8*y + 16*y + 435. What is the units digit of c(0)?
5
Suppose -68*t - 41090 = -73*t. What is the hundreds digit of t?
2
What is the units digit of 112/(-80) - (-2321496)/90?
3
Let b = -13972 - -36683. What is the thousands digit of b?
2
What is the hundreds digit of 86788/14 - 2/14?
1
Let b(m) be the second derivative of 7*m**5/20 + 17*m**3/6 - 119*m**2/2 - 233*m. What is the thousands digit of b(6)?
1
Suppose -3*v = 4*r - 11, -2*v = -0*r - r + 11. Suppose -r*y = -1001 - 4714. What is the tens digit of y?
4
Let g(q) = -35*q - 3. Let c be g(-2). Let o be (-3 - 51/(-9) - 3)*-3. What is the units digit of (c + o)/(9/18)?
6
Let m be ((-795)/6 + 3)*8. Let h = m - -1781. What is the hundreds digit of h?
7
Let a = -8 - -28. Suppose a = 8*d - 18*d. What is the units digit of d/(-10) + (-1246)/(-70)?
8
Suppose -65 = -0*r + 5*r. Let h = r + 13. Suppose -2*k = -h*k + w - 160, -k + 80 = 5*w. What is the tens digit of k?
8
Let n = -33 + 37. Let f(x) = 4*x**3 + 6*x**2 + x - 1. Let r be f(n). Suppose -r = -2*i - 3*i. What is the tens digit of i?
7
Suppose 240*g + 57 = 3*f + 236*g, g = 4*f - 76. Let y = 61 - 118. Let q = f - y. What is the units digit of q?
6
Let y be (403/(-3) + (-76)/114)*3. Let l = y - -1003. What is the tens digit of l?
9
Let s = -86 - -86. Suppose s = -p + 3*c + 117, -6*c = 3*p - 3*c - 303. What is the hundreds digit of p?
1
Let j be 261/(-5) - 28/35. Let z = -71 - -153. Let g = j + z. What is the tens digit of g?
2
Suppose -2616 = -7*u + 373. Let o = u + -241. What is the hundreds digit of o?
1
Let b(k) = 3*k**2 - 91*k - 1226. What is the hundreds digit of b(107)?
3
Let s(a) = 106*a**2 + 3*a - 74. What is the units digit of s(7)?
1
Suppose 9*r + 0*r - r = 0. Suppose 2*z + 23*z - 17550 = r. What is the tens digit of z?
0
Let o(z) = -z**2 + 3*z + 646. Let s be o(0). Suppose -3*b + s = 3*g - 32, -5*g + 900 = 4*b. What is the hundreds digit of b?
2
Let c = 85244 - 48428. What is the units digit of c?
6
Let b = 15671 - -1980. What is the hundreds digit of b?
6
Let l(w) = -7*w - 1 + 8*w + 8. Let x = -2 + 2. What is the units digit of l(x)?
7
Suppose 5*r = -h + 14948, 5*r - 3*h = 4